{"id":485,"date":"2025-01-13T16:25:29","date_gmt":"2025-01-13T15:25:29","guid":{"rendered":"https:\/\/warmongerthegame.com\/?page_id=485"},"modified":"2025-02-03T17:30:56","modified_gmt":"2025-02-03T16:30:56","slug":"muertos","status":"publish","type":"page","link":"https:\/\/warmongerthegame.com\/index.php\/es\/muertos\/","title":{"rendered":"Muertos"},"content":{"rendered":"\n<h2 class=\"wp-block-heading has-xx-large-font-size\">MUERTOS VIVIENTES<\/h2>\n\n\n\n<p>Los muertos vivientes son m\u00e1s numerosos en las Tierras Imp\u00edas de lo que cabr\u00eda esperar. La propia tierra est\u00e1 empapada de energ\u00edas oscuras que hacen que los cad\u00e1veres no descansen en paz mucho tiempo, pero es que adem\u00e1s hay nigromantes, brujas, demonios y dem\u00e1s entes que pueden utilizar la magia negra para levantar un peque\u00f1o ej\u00e9rcito de esclavos. Estos rituales de resurrecci\u00f3n son complejos, extenuantes y peligrosos, por lo que quienes los realizan necesitan prepararse a conciencia y elegir un lugar tranquilo o rec\u00f3ndito. No es algo que se pueda hacer sobre la marcha en un campo de batalla donde tu vida pende de un hilo: quienes lideran a estas bandas las preparan con antelaci\u00f3n y planean una estrategia que no las sacrifique sin sentido.<\/p>\n\n\n\n<p>Los poderes arcanos que impregnan las Tierras Imp\u00edas est\u00e1n corrompidos sin remedio. Algunos individuos de fuerza de voluntad sobresaliente obtienen fuerzas m\u00e1gicas que pueden emplear para el bien, sanando a su pueblo o adivinando el futuro. Pero la gran mayor\u00eda se contenta con aceptar los dones de la magia negra sin plantearse otro uso que no sea el de medrar y sembrar el caos.<\/p>\n\n\n\n<h2 class=\"wp-block-heading has-x-large-font-size\">POLVO Y HUESOS<\/h2>\n\n\n\n<p>Adem\u00e1s de todos los guerreros ca\u00eddos en escaramuzas sin fin por los rincones m\u00e1s remotos de estos parajes, muchas tribus tienen sus propios ritos funerarios relativos al enterramiento de sus muertos. Unas pocas incineran a los fallecidos, ya sea por precauci\u00f3n o creencias religiosas, pero otras los embalsaman, los momifican o les conceden un enterramiento tan digno como puedan (con ajuares, equipo y obsequios) o tan inmisericorde como sea su vida (arroj\u00e1ndolos al fondo de una sima sin miramientos).<\/p>\n\n\n\n<div class=\"wp-block-columns is-layout-flex wp-container-core-columns-is-layout-28f84493 wp-block-columns-is-layout-flex\">\n<div class=\"wp-block-column is-layout-flow wp-block-column-is-layout-flow\">\n<figure class=\"wp-block-image size-large\"><img loading=\"lazy\" decoding=\"async\" width=\"722\" height=\"1024\" src=\"https:\/\/warmongerthegame.com\/wp-content\/uploads\/2025\/01\/Lich-HIGH-722x1024.jpg\" alt=\"\" class=\"wp-image-487\" srcset=\"https:\/\/warmongerthegame.com\/wp-content\/uploads\/2025\/01\/Lich-HIGH-722x1024.jpg 722w, https:\/\/warmongerthegame.com\/wp-content\/uploads\/2025\/01\/Lich-HIGH-211x300.jpg 211w, https:\/\/warmongerthegame.com\/wp-content\/uploads\/2025\/01\/Lich-HIGH-768x1090.jpg 768w, https:\/\/warmongerthegame.com\/wp-content\/uploads\/2025\/01\/Lich-HIGH-1082x1536.jpg 1082w, https:\/\/warmongerthegame.com\/wp-content\/uploads\/2025\/01\/Lich-HIGH-1443x2048.jpg 1443w, https:\/\/warmongerthegame.com\/wp-content\/uploads\/2025\/01\/Lich-HIGH-scaled.jpg 1804w\" sizes=\"auto, (max-width: 722px) 100vw, 722px\" \/><\/figure>\n<\/div>\n\n\n\n<div class=\"wp-block-column is-layout-flow wp-block-column-is-layout-flow\">\n<p>Y, por supuesto, tambi\u00e9n est\u00e1 el espeluznante Secarral de Huesos, una llanura cubierta por los restos \u00f3seos de hombres y bestias hasta donde alcanza la vista. Qu\u00e9 impulsa a todos esos seres vivos para arrastrarse hasta all\u00ed y exhalar su \u00faltimo aliento en ese lugar se desconoce, pero gracias a ello nigromantes y dem\u00e1s personajes infames de ralea similar obtienen su t\u00e9trica materia prima.<\/p>\n<\/div>\n<\/div>\n\n\n\n<p>Sea como fuere, los muertos antiguos abundan en las Tierras Imp\u00edas. Necr\u00f3polis, osarios, grutas y pantanos son una fuente inagotable de restos \u00f3seos.<\/p>\n\n\n\n<p>Una banda de Muertos Vivientes de Polvo y huesos hace honor a su nombre y est\u00e1 compuesta principalmente por esqueletos, momias, liches, g\u00f3lems de huesos, etc.<\/p>\n\n\n\n<h2 class=\"wp-block-heading has-x-large-font-size\">DOLOR Y DESESPERACI\u00d3N<\/h2>\n\n\n\n<p>En unas antiguas cuevas de la Cordillera de Sangre habit\u00f3 anta\u00f1o uno de los clanes m\u00e1s crueles de Devoradores de Cad\u00e1veres. Inflig\u00edan terribles torturas a sus prisioneros, o incluso a sus propios miembros cuando eran sorprendidos infringiendo sus leyes.<br>Sus sacerdotisas de la Reina del Odio eran expertas en el uso de garfios, cuchillos y dagas, con las que sacaban los ojos a sus v\u00edctimas y se los obligaban a comer, o asaban su carne en vivo para separarla de los huesos y devorarla delante de las enloquecidas miradas de sus cautivos. En las c\u00e1maras m\u00e1s rec\u00f3nditas de aquel laberinto de pesadilla, con sus cuerpos deformes cubiertos \u00fanicamente por m\u00e1scaras de lat\u00f3n, llevaban a cabo rituales infames incluso para algunos de los suyos, y se vert\u00edan litros de sangre para honrar a su diosa y saciar su propia ansia.<\/p>\n\n\n\n<div class=\"wp-block-columns is-layout-flex wp-container-core-columns-is-layout-28f84493 wp-block-columns-is-layout-flex\">\n<div class=\"wp-block-column is-layout-flow wp-block-column-is-layout-flow\">\n<figure class=\"wp-block-image size-large\"><img loading=\"lazy\" decoding=\"async\" width=\"685\" height=\"1024\" src=\"https:\/\/warmongerthegame.com\/wp-content\/uploads\/2025\/02\/EspirituTr-1-685x1024.png\" alt=\"\" class=\"wp-image-616\" srcset=\"https:\/\/warmongerthegame.com\/wp-content\/uploads\/2025\/02\/EspirituTr-1-685x1024.png 685w, https:\/\/warmongerthegame.com\/wp-content\/uploads\/2025\/02\/EspirituTr-1-201x300.png 201w, https:\/\/warmongerthegame.com\/wp-content\/uploads\/2025\/02\/EspirituTr-1-768x1147.png 768w, https:\/\/warmongerthegame.com\/wp-content\/uploads\/2025\/02\/EspirituTr-1-1028x1536.png 1028w, https:\/\/warmongerthegame.com\/wp-content\/uploads\/2025\/02\/EspirituTr-1-1371x2048.png 1371w, https:\/\/warmongerthegame.com\/wp-content\/uploads\/2025\/02\/EspirituTr-1.png 1415w\" sizes=\"auto, (max-width: 685px) 100vw, 685px\" \/><\/figure>\n<\/div>\n\n\n\n<div class=\"wp-block-column is-layout-flow wp-block-column-is-layout-flow\">\n<p>Todas aquellas muertes, aquel dolor, empaparon la misma roca de la monta\u00f1a hasta crear un pozo negro de angustia y desesperanza. No se sabe qu\u00e9 ocurri\u00f3 con aquel clan maldito, pero en la actualidad esa zona la evitan incluso los de su propia tribu. Aullidos espectrales emanan de la roca, lamentos angustiosos llaman desde los pasillos y r\u00e1fagas de aire espectral atraviesan el alma de quienes se extrav\u00edan por aqu\u00ed.<\/p>\n<\/div>\n<\/div>\n\n\n\n<p>Una banda de Muertos Vivientes de Dolor y desesperaci\u00f3n est\u00e1 compuesta por espectros, fantasmas, poltergeist y otras presencias incorp\u00f3reas similares frutos del sufrimiento y la venganza.<\/p>\n\n\n\n<h2 class=\"wp-block-heading has-x-large-font-size\">SANGRE Y V\u00cdSCERAS<\/h2>\n\n\n\n<div class=\"wp-block-columns is-layout-flex wp-container-core-columns-is-layout-28f84493 wp-block-columns-is-layout-flex\">\n<div class=\"wp-block-column is-layout-flow wp-block-column-is-layout-flow\">\n<figure class=\"wp-block-image size-large is-resized\"><img loading=\"lazy\" decoding=\"async\" width=\"724\" height=\"1024\" src=\"https:\/\/warmongerthegame.com\/wp-content\/uploads\/2025\/01\/Necrofago1-724x1024.jpg\" alt=\"\" class=\"wp-image-489\" style=\"object-fit:cover;width:300px;height:370px\" srcset=\"https:\/\/warmongerthegame.com\/wp-content\/uploads\/2025\/01\/Necrofago1-724x1024.jpg 724w, https:\/\/warmongerthegame.com\/wp-content\/uploads\/2025\/01\/Necrofago1-212x300.jpg 212w, https:\/\/warmongerthegame.com\/wp-content\/uploads\/2025\/01\/Necrofago1-768x1086.jpg 768w, https:\/\/warmongerthegame.com\/wp-content\/uploads\/2025\/01\/Necrofago1-1086x1536.jpg 1086w, https:\/\/warmongerthegame.com\/wp-content\/uploads\/2025\/01\/Necrofago1-1448x2048.jpg 1448w, https:\/\/warmongerthegame.com\/wp-content\/uploads\/2025\/01\/Necrofago1-scaled.jpg 1810w\" sizes=\"auto, (max-width: 724px) 100vw, 724px\" \/><\/figure>\n<\/div>\n\n\n\n<div class=\"wp-block-column is-layout-flow wp-block-column-is-layout-flow\">\n<p>Aquellos muertos m\u00e1s recientes, al ser resucitados, suelen descubrir con horror que conservan muchos de los recuerdos de su antigua vida. Estas im\u00e1genes los atormentan sin cesar y llegan, en muchos casos, a albergar un odio irrefrenable hacia todo lo vivo por ser un recuerdo constante de su propia muerte.<\/p>\n<\/div>\n<\/div>\n\n\n\n<p>Las Tierras Imp\u00edas son un lugar tenebroso que a veces parece cobrar vida por s\u00ed mismo, resucitando de forma espont\u00e1nea a seres sedientos de sangre. Buscan el alimento de los vivos en un vano intento por recuperar su propia mortalidad, devorando sus entra\u00f1as o bebiendo su sangre en un frenes\u00ed de locura que no hace m\u00e1s que acercarlos un paso m\u00e1s a su perdici\u00f3n total.<\/p>\n\n\n\n<p>Son muertos vivientes fam\u00e9licos, rabiosos, impulsados por un hambre insaciable que los devora por dentro sin que puedan entender del todo su causa. Sus cerebros a medio pudrir los llenan de terror, ansia y hambre, en una huida perpetua hacia adelante que s\u00f3lo terminar\u00e1 con su muerte definitiva o su conversi\u00f3n a criaturas de maldad y oscuridad absolutas.<\/p>\n\n\n\n<p>Una banda de Muertos Vivientes de Sangre y v\u00edsceras est\u00e1 compuesta por gules, vampiros salvajes, zombis y otros cad\u00e1veres recientes reanimados.<\/p>\n","protected":false},"excerpt":{"rendered":"<p>MUERTOS VIVIENTES Los muertos vivientes son m\u00e1s numerosos en las Tierras Imp\u00edas de lo que cabr\u00eda esperar. La propia tierra est\u00e1 empapada de energ\u00edas oscuras que hacen que los cad\u00e1veres no descansen en paz mucho tiempo, pero es que adem\u00e1s hay nigromantes, brujas, demonios y dem\u00e1s entes que pueden utilizar la magia negra para levantar [&hellip;]<\/p>\n","protected":false},"author":2,"featured_media":0,"parent":0,"menu_order":0,"comment_status":"closed","ping_status":"closed","template":"","meta":{"footnotes":""},"class_list":["post-485","page","type-page","status-publish","hentry"],"_links":{"self":[{"href":"https:\/\/warmongerthegame.com\/index.php\/wp-json\/wp\/v2\/pages\/485","targetHints":{"allow":["GET"]}}],"collection":[{"href":"https:\/\/warmongerthegame.com\/index.php\/wp-json\/wp\/v2\/pages"}],"about":[{"href":"https:\/\/warmongerthegame.com\/index.php\/wp-json\/wp\/v2\/types\/page"}],"author":[{"embeddable":true,"href":"https:\/\/warmongerthegame.com\/index.php\/wp-json\/wp\/v2\/users\/2"}],"replies":[{"embeddable":true,"href":"https:\/\/warmongerthegame.com\/index.php\/wp-json\/wp\/v2\/comments?post=485"}],"version-history":[{"count":4,"href":"https:\/\/warmongerthegame.com\/index.php\/wp-json\/wp\/v2\/pages\/485\/revisions"}],"predecessor-version":[{"id":618,"href":"https:\/\/warmongerthegame.com\/index.php\/wp-json\/wp\/v2\/pages\/485\/revisions\/618"}],"wp:attachment":[{"href":"https:\/\/warmongerthegame.com\/index.php\/wp-json\/wp\/v2\/media?parent=485"}],"curies":[{"name":"wp","href":"https:\/\/api.w.org\/{rel}","templated":true}]}}