{"id":1049,"date":"2025-03-28T17:28:00","date_gmt":"2025-03-28T16:28:00","guid":{"rendered":"https:\/\/warmongerthegame.com\/?page_id=1049"},"modified":"2025-09-14T19:15:28","modified_gmt":"2025-09-14T18:15:28","slug":"partidas-de-ejemplo","status":"publish","type":"page","link":"https:\/\/warmongerthegame.com\/index.php\/es\/partidas-de-ejemplo\/","title":{"rendered":"Partidas de ejemplo"},"content":{"rendered":"\n<h2 class=\"wp-block-heading has-xx-large-font-size\">PARTIDAS DE EJEMPLO<\/h2>\n\n\n\n<p>Los amigos del <a href=\"https:\/\/www.youtube.com\/@Battletricks\">canal Battletricks<\/a> est\u00e1n grabando v\u00eddeos de partidas introductorias que juegan para probar el reglamento, ense\u00f1ar el juego y difundir <strong>Warmonger<\/strong>.<\/p>\n\n\n\n<p>Aqu\u00ed os recopilamos sus v\u00eddeos explicativos, para que pod\u00e1is ver de primera mano c\u00f3mo se desarrolla una t\u00edpica partida con las diferentes facciones y escenarios.<\/p>\n\n\n\n<div class=\"wp-block-group has-global-padding is-layout-constrained wp-block-group-is-layout-constrained\">\n<div class=\"wp-block-group has-global-padding is-layout-constrained wp-block-group-is-layout-constrained\">\n<div class=\"wp-block-group has-border-color has-black-border-color has-background has-global-padding is-layout-constrained wp-container-core-group-is-layout-c01a054c wp-block-group-is-layout-constrained\" style=\"border-width:3px;background-color:#6a1a1a;margin-top:0;margin-bottom:0;padding-top:var(--wp--preset--spacing--30);padding-right:var(--wp--preset--spacing--50);padding-bottom:var(--wp--preset--spacing--30);padding-left:var(--wp--preset--spacing--50)\">\n<p class=\"has-base-color has-text-color has-link-color wp-elements-6032405d0de28a541b69271e2fbcef90\"><strong>Escenario:<\/strong> Monumentos a un pacto olvidado<\/p>\n\n\n\n<p class=\"has-base-color has-text-color has-link-color wp-elements-e0d11699e48e5d759e8df4a96a1e4a36\"><strong>Bandas:<\/strong> Repudiados y tribu del Rostro negro<\/p>\n\n\n\n<figure class=\"wp-block-embed is-type-video is-provider-youtube wp-block-embed-youtube wp-embed-aspect-16-9 wp-has-aspect-ratio\" style=\"margin-top:0;margin-bottom:0\"><div class=\"wp-block-embed__wrapper\">\n<iframe loading=\"lazy\" title=\"Warmonger : Partida Introductoria\" width=\"500\" height=\"281\" src=\"https:\/\/www.youtube.com\/embed\/yZ6lmIWLu4g?feature=oembed\" frameborder=\"0\" allow=\"accelerometer; autoplay; clipboard-write; encrypted-media; gyroscope; picture-in-picture; web-share\" referrerpolicy=\"strict-origin-when-cross-origin\" allowfullscreen><\/iframe>\n<\/div><\/figure>\n<\/div>\n<\/div>\n<\/div>\n\n\n\n<div class=\"wp-block-group has-global-padding is-layout-constrained wp-block-group-is-layout-constrained\">\n<div class=\"wp-block-group has-border-color has-black-border-color has-background has-global-padding is-layout-constrained wp-container-core-group-is-layout-baab2dd4 wp-block-group-is-layout-constrained\" style=\"border-width:3px;background-color:#6a1a1a;margin-top:0;margin-bottom:0;padding-top:var(--wp--preset--spacing--30);padding-right:var(--wp--preset--spacing--50);padding-bottom:var(--wp--preset--spacing--30);padding-left:var(--wp--preset--spacing--50)\">\n<p class=\"has-base-color has-text-color has-link-color wp-elements-2a0a054f5fe481678b24e86dc2f303e1\"><strong>Escenario:<\/strong> Asalto a los confines imp\u00edos<\/p>\n\n\n\n<p class=\"has-base-color has-text-color has-link-color wp-elements-b64262ce90e7a90b6c9b61fc706bb38e\"><strong>Bandas:<\/strong> Devoradores de cad\u00e1veres y Sjeverni<\/p>\n\n\n\n<figure class=\"wp-block-embed is-type-video is-provider-youtube wp-block-embed-youtube wp-embed-aspect-16-9 wp-has-aspect-ratio\"><div class=\"wp-block-embed__wrapper\">\n<iframe loading=\"lazy\" title=\"Warmonger #2: Asalto a los Confines Imp\u00edos (Devoradores de Cad\u00e1veres vs Sjeverni)\" width=\"500\" height=\"281\" src=\"https:\/\/www.youtube.com\/embed\/Q6lehYqSOHI?feature=oembed\" frameborder=\"0\" allow=\"accelerometer; autoplay; clipboard-write; encrypted-media; gyroscope; picture-in-picture; web-share\" referrerpolicy=\"strict-origin-when-cross-origin\" allowfullscreen><\/iframe>\n<\/div><\/figure>\n<\/div>\n<\/div>\n\n\n\n<div class=\"wp-block-group has-global-padding is-layout-constrained wp-block-group-is-layout-constrained\">\n<div class=\"wp-block-group has-border-color has-black-border-color has-background has-global-padding is-layout-constrained wp-container-core-group-is-layout-baab2dd4 wp-block-group-is-layout-constrained\" style=\"border-width:3px;background-color:#6a1a1a;margin-top:0;margin-bottom:0;padding-top:var(--wp--preset--spacing--30);padding-right:var(--wp--preset--spacing--50);padding-bottom:var(--wp--preset--spacing--30);padding-left:var(--wp--preset--spacing--50)\">\n<p class=\"has-base-color has-text-color has-link-color wp-elements-779762fdff58d4fc4776f58b9caadf25\"><strong>Escenario:<\/strong> Ruinas de juramentos perdidos<\/p>\n\n\n\n<p class=\"has-base-color has-text-color has-link-color wp-elements-05e8a46206339fa0d58fbb24c16465ec\"><strong>Bandas:<\/strong> Devoradores de cad\u00e1veres y Dolor y desesperaci\u00f3n<\/p>\n\n\n\n<figure class=\"wp-block-embed is-type-video is-provider-youtube wp-block-embed-youtube wp-embed-aspect-16-9 wp-has-aspect-ratio\"><div class=\"wp-block-embed__wrapper\">\n<iframe loading=\"lazy\" title=\"Warmonger #3: Ruinas de Juramentos Perdidos (Dolor y Desesperaci\u00f3n vs Devoradores de Cad\u00e1veres)\" width=\"500\" height=\"281\" src=\"https:\/\/www.youtube.com\/embed\/QNoHVSTj1sw?feature=oembed\" frameborder=\"0\" allow=\"accelerometer; autoplay; clipboard-write; encrypted-media; gyroscope; picture-in-picture; web-share\" referrerpolicy=\"strict-origin-when-cross-origin\" allowfullscreen><\/iframe>\n<\/div><\/figure>\n<\/div>\n<\/div>\n\n\n\n<div class=\"wp-block-group has-global-padding is-layout-constrained wp-block-group-is-layout-constrained\">\n<div class=\"wp-block-group has-border-color has-black-border-color has-background has-global-padding is-layout-constrained wp-container-core-group-is-layout-baab2dd4 wp-block-group-is-layout-constrained\" style=\"border-width:3px;background-color:#6a1a1a;margin-top:0;margin-bottom:0;padding-top:var(--wp--preset--spacing--30);padding-right:var(--wp--preset--spacing--50);padding-bottom:var(--wp--preset--spacing--30);padding-left:var(--wp--preset--spacing--50)\">\n<p class=\"has-base-color has-text-color has-link-color wp-elements-30d65e8923947f70a7d0ef6745473051\"><strong>Escenario:<\/strong> Senda de ra\u00edces sangrientas<\/p>\n\n\n\n<p class=\"has-base-color has-text-color has-link-color wp-elements-26379310f9d147aff75d8ffc5cb69fd9\"><strong>Bandas:<\/strong> Pigmeos y Demonios<\/p>\n\n\n\n<figure class=\"wp-block-embed is-type-video is-provider-youtube wp-block-embed-youtube wp-embed-aspect-16-9 wp-has-aspect-ratio\"><div class=\"wp-block-embed__wrapper\">\n<iframe loading=\"lazy\" title=\"Warmonger #4: Senda de Ra\u00edces Sangrientas (Pigmeos vs Demonios)\" width=\"500\" height=\"281\" src=\"https:\/\/www.youtube.com\/embed\/afVTsP1n0OY?feature=oembed\" frameborder=\"0\" allow=\"accelerometer; autoplay; clipboard-write; encrypted-media; gyroscope; picture-in-picture; web-share\" referrerpolicy=\"strict-origin-when-cross-origin\" allowfullscreen><\/iframe>\n<\/div><\/figure>\n\n\n\n<p><\/p>\n<\/div>\n<\/div>\n","protected":false},"excerpt":{"rendered":"<p>PARTIDAS DE EJEMPLO Los amigos del canal Battletricks est\u00e1n grabando v\u00eddeos de partidas introductorias que juegan para probar el reglamento, ense\u00f1ar el juego y difundir Warmonger. Aqu\u00ed os recopilamos sus v\u00eddeos explicativos, para que pod\u00e1is ver de primera mano c\u00f3mo se desarrolla una t\u00edpica partida con las diferentes facciones y escenarios. Escenario: Monumentos a un [&hellip;]<\/p>\n","protected":false},"author":2,"featured_media":0,"parent":0,"menu_order":0,"comment_status":"closed","ping_status":"closed","template":"","meta":{"footnotes":""},"class_list":["post-1049","page","type-page","status-publish","hentry"],"_links":{"self":[{"href":"https:\/\/warmongerthegame.com\/index.php\/wp-json\/wp\/v2\/pages\/1049","targetHints":{"allow":["GET"]}}],"collection":[{"href":"https:\/\/warmongerthegame.com\/index.php\/wp-json\/wp\/v2\/pages"}],"about":[{"href":"https:\/\/warmongerthegame.com\/index.php\/wp-json\/wp\/v2\/types\/page"}],"author":[{"embeddable":true,"href":"https:\/\/warmongerthegame.com\/index.php\/wp-json\/wp\/v2\/users\/2"}],"replies":[{"embeddable":true,"href":"https:\/\/warmongerthegame.com\/index.php\/wp-json\/wp\/v2\/comments?post=1049"}],"version-history":[{"count":12,"href":"https:\/\/warmongerthegame.com\/index.php\/wp-json\/wp\/v2\/pages\/1049\/revisions"}],"predecessor-version":[{"id":1613,"href":"https:\/\/warmongerthegame.com\/index.php\/wp-json\/wp\/v2\/pages\/1049\/revisions\/1613"}],"wp:attachment":[{"href":"https:\/\/warmongerthegame.com\/index.php\/wp-json\/wp\/v2\/media?parent=1049"}],"curies":[{"name":"wp","href":"https:\/\/api.w.org\/{rel}","templated":true}]}}